{"id":3020,"date":"2025-11-03T16:20:41","date_gmt":"2025-11-03T16:20:41","guid":{"rendered":"https:\/\/www.sg-ulrichskirchen.at\/?page_id=3020"},"modified":"2026-01-07T19:55:06","modified_gmt":"2026-01-07T18:55:06","slug":"wie-werde-ich-vip-mitglied","status":"publish","type":"page","link":"https:\/\/www.sg-ulrichskirchen.at\/sgu\/mitglieder-vip\/wie-werde-ich-vip-mitglied\/","title":{"rendered":"Wie werde ich V.I.P. \/ Mitglied"},"content":{"rendered":"\n<h2 class=\"wp-block-heading\"><\/h2>\n\n\n\n<p class=\"gb-text\">Bei der <strong>Sportgemeinschaft Ulrichskirchen<\/strong> gibt es folgende Varianten der Mitgliedschaft:<\/p>\n\n\n\n<p><strong>1. Mitglied (stimmberechtigt bei der Generalversammlung)<\/strong><br>Jahresbeitrag: \u20ac 35,-<br><br><strong>2. V.I.P. Mitglied (stimmberechtigt bei der Generalversammlung)<\/strong><br>Jahresbeitrag: \u20ac 115,- (Mitglied + V.I.P. Beitrag)<br>Partnerkarte: \u20ac 100,-&nbsp;&nbsp; kann nur in Zusammenhang mit einer&nbsp;Einzelkarte f\u00fcr eine Person erworben werden!<br><br>Verg\u00fcnstigungen:<br>freier Eintritt bei allen Heimspielen inkl. 3 Tombolalosen und einem Gratisgetr\u00e4nk<br>freier Eintritt Maskenball<br><br>Jedes VIP-Mitglied erh\u00e4lt eine V.I.P. Card. Diese V.I.P. Card erscheint halbj\u00e4hrlich (Fr\u00fchjahres und Herbstsaison). In dem man diese Karte vorweist, erh\u00e4lt man die oben erw\u00e4hnten Verg\u00fcnstigungen. Diese Karte ist im Scheckkarte-Format gehalten und passt somit in jede Brieftasche. Sie sieht wie folgt aus:<\/p>\n\n\n\n<div class=\"alignnormal\"><div id=\"metaslider-id-5403\" style=\"max-width: 300px; margin: 0 auto;\" class=\"ml-slider-3-109-0 metaslider metaslider-flex metaslider-5403 ml-slider ms-theme-default-base nav-hidden\" role=\"region\" aria-label=\"VIP-Card\" data-height=\"192\" data-width=\"300\">\n    <div id=\"metaslider_container_5403\">\n        <div id=\"metaslider_5403\">\n            <ul aria-live='off' class='slides'>\n                <li style=\"display: block; width: 100%;\" class=\"slide-5406 ms-image \" aria-roledescription=\"slide\" data-date=\"2025-12-01 15:02:31\" data-filename=\"VIP_vorne.png\" data-slide-type=\"image\"><img loading=\"lazy\" decoding=\"async\" src=\"https:\/\/www.sg-ulrichskirchen.at\/sgu\/wp-content\/uploads\/2025\/12\/VIP_vorne.png\" height=\"192\" width=\"300\" alt=\"\" class=\"slider-5403 slide-5406 msDefaultImage\" title=\"VIP_vorne\" \/><\/li>\n                <li style=\"display: none; width: 100%;\" class=\"slide-5407 ms-image \" aria-roledescription=\"slide\" data-date=\"2025-12-01 15:02:31\" data-filename=\"VIP_hinten-1.png\" data-slide-type=\"image\"><img loading=\"lazy\" decoding=\"async\" src=\"https:\/\/www.sg-ulrichskirchen.at\/sgu\/wp-content\/uploads\/2025\/12\/VIP_hinten-1.png\" height=\"192\" width=\"300\" alt=\"\" class=\"slider-5403 slide-5407 msDefaultImage\" title=\"VIP_hinten\" \/><\/li>\n            <\/ul>\n        <\/div>\n        \n    <\/div>\n<\/div><\/div>\n\n\n\n<p class=\"gb-text\"><br>Damit man auch kein Spiel der Sportgemeinschaft Ulrichskirchen vergessen kann, stehen auf der R\u00fcckseite die Spieltermine f\u00fcr die aktuelle Saison.<br><br>Die obengenannten Beitr\u00e4ge sollten zu Beginn jedes Kalenderjahres bis sp\u00e4testens Beginn Fr\u00fchjahrsmeisterschaft auf das Konto der SGU<br>IBAN: AT41 32951 00000600064\u00a0Raika Wolkersdorf (Zweigstelle Ulrichskirchen)<br>einbezahlt sein, denn nur dann k\u00f6nnen die Verg\u00fcnstigungen gew\u00e4hrt werden. Erlagscheine werden vom VIP Beauftragten ausgegeben.<br>F\u00fcr Fragen und weiteren Informationen steht Ihnen der V.I.P. Beauftragte Hr. Walter Wegbauer gerne zur Verf\u00fcgung.<br>Sie erreichen ihn unter +43 664 4429740 oder per\u00a0<a href=\"mailto:w.wegbauer@gmx.at\">E-Mail<\/a>.<br>Die Sportgemeinschaft Ulrichskirchen freut sich Sie jetzt schon als Mitglied oder als V.I.P. Mitglied begr\u00fc\u00dfen zu d\u00fcrfen.\u00a0<br>Mit sportlichen Gr\u00fc\u00dfen<br>Walter Wegbauer<br>V.I.P. Beauftragter<\/p>\n","protected":false},"excerpt":{"rendered":"<p>Bei der Sportgemeinschaft Ulrichskirchen gibt es folgende Varianten der Mitgliedschaft: 1. Mitglied (stimmberechtigt bei der Generalversammlung)Jahresbeitrag: \u20ac 35,- 2. V.I.P. Mitglied (stimmberechtigt bei der Generalversammlung)Jahresbeitrag: \u20ac 115,- (Mitglied + V.I.P. Beitrag)Partnerkarte: \u20ac 100,-&nbsp;&nbsp; kann nur in Zusammenhang mit einer&nbsp;Einzelkarte f\u00fcr eine Person erworben werden! Verg\u00fcnstigungen:freier Eintritt bei allen Heimspielen inkl. 3 Tombolalosen und einem Gratisgetr\u00e4nkfreier &#8230; <a title=\"Wie werde ich V.I.P. \/ Mitglied\" class=\"read-more\" href=\"https:\/\/www.sg-ulrichskirchen.at\/sgu\/mitglieder-vip\/wie-werde-ich-vip-mitglied\/\" aria-label=\"Mehr Informationen \u00fcber Wie werde ich V.I.P. \/ Mitglied\">Weiterlesen<\/a><\/p>\n","protected":false},"author":1,"featured_media":0,"parent":3019,"menu_order":20,"comment_status":"closed","ping_status":"closed","template":"","meta":{"_price":"","_stock":"","_tribe_ticket_header":"","_tribe_default_ticket_provider":"","_tribe_ticket_capacity":"0","_ticket_start_date":"","_ticket_end_date":"","_tribe_ticket_show_description":"","_tribe_ticket_show_not_going":false,"_tribe_ticket_use_global_stock":"","_tribe_ticket_global_stock_level":"","_global_stock_mode":"","_global_stock_cap":"","_tribe_rsvp_for_event":"","_tribe_ticket_going_count":"","_tribe_ticket_not_going_count":"","_tribe_tickets_list":"[]","_tribe_ticket_has_attendee_info_fields":false,"footnotes":"","_tec_slr_enabled":"","_tec_slr_layout":""},"class_list":["post-3020","page","type-page","status-publish"],"ticketed":false,"_links":{"self":[{"href":"https:\/\/www.sg-ulrichskirchen.at\/sgu\/wp-json\/wp\/v2\/pages\/3020","targetHints":{"allow":["GET"]}}],"collection":[{"href":"https:\/\/www.sg-ulrichskirchen.at\/sgu\/wp-json\/wp\/v2\/pages"}],"about":[{"href":"https:\/\/www.sg-ulrichskirchen.at\/sgu\/wp-json\/wp\/v2\/types\/page"}],"author":[{"embeddable":true,"href":"https:\/\/www.sg-ulrichskirchen.at\/sgu\/wp-json\/wp\/v2\/users\/1"}],"replies":[{"embeddable":true,"href":"https:\/\/www.sg-ulrichskirchen.at\/sgu\/wp-json\/wp\/v2\/comments?post=3020"}],"version-history":[{"count":11,"href":"https:\/\/www.sg-ulrichskirchen.at\/sgu\/wp-json\/wp\/v2\/pages\/3020\/revisions"}],"predecessor-version":[{"id":5955,"href":"https:\/\/www.sg-ulrichskirchen.at\/sgu\/wp-json\/wp\/v2\/pages\/3020\/revisions\/5955"}],"up":[{"embeddable":true,"href":"https:\/\/www.sg-ulrichskirchen.at\/sgu\/wp-json\/wp\/v2\/pages\/3019"}],"wp:attachment":[{"href":"https:\/\/www.sg-ulrichskirchen.at\/sgu\/wp-json\/wp\/v2\/media?parent=3020"}],"curies":[{"name":"wp","href":"https:\/\/api.w.org\/{rel}","templated":true}]}}